{"id":53,"date":"2023-09-21T14:52:18","date_gmt":"2023-09-21T12:52:18","guid":{"rendered":"https:\/\/aceldepo.blureen.hu\/?page_id=53"},"modified":"2025-12-09T09:30:58","modified_gmt":"2025-12-09T09:30:58","slug":"kezdolap","status":"publish","type":"page","link":"https:\/\/aceldepo.hu\/","title":{"rendered":"Kezd\u0151lap"},"content":{"rendered":"<div class=\"wpb-content-wrapper\"><p>[vc_row full_width=&#8221;stretch_row_content&#8221; _et_uniqid=&#8221;et_custom_uniqid_new_67291551a2279&#8243; css=&#8221;.vc_custom_1730745687375{margin-bottom: 0px !important;padding-top: 0px !important;padding-bottom: 0px !important;}&#8221; el_class=&#8221;desktop-only&#8221;][vc_column width=&#8221;1\/2&#8243; el_class=&#8221;category-grid-50&#8243; _et_uniqid=&#8221;et_custom_uniqid_new_672914883e868&#8243; css=&#8221;.vc_custom_1730745482731{padding-right: 0px !important;padding-bottom: 0px !important;padding-left: 0px !important;}&#8221;][vc_basic_grid post_type=&#8221;ids&#8221; element_width=&#8221;3&#8243; gap=&#8221;0&#8243; item=&#8221;1902&#8243; css=&#8221;&#8221; grid_id=&#8221;vc_gid:1765272631631-3d01d4c0-79ec-10&#8243; include=&#8221;1712, 1803, 1704, 933&#8243;][\/vc_column][vc_column width=&#8221;1\/2&#8243; css=&#8221;.vc_custom_1730745478300{padding-right: 0px !important;padding-bottom: 0px !important;padding-left: 0px !important;}&#8221; _et_uniqid=&#8221;et_custom_uniqid_new_6729148128628&#8243;][vc_basic_grid post_type=&#8221;ids&#8221; element_width=&#8221;3&#8243; gap=&#8221;0&#8243; item=&#8221;1902&#8243; css=&#8221;&#8221; grid_id=&#8221;vc_gid:1765272631631-4f3f5915-5e7c-3&#8243; include=&#8221;1708, 1699, 1300, 1706&#8243;][\/vc_column][\/vc_row][vc_row full_width=&#8221;stretch_row_content&#8221; _et_uniqid=&#8221;et_custom_uniqid_new_6729154abdd54&#8243; css=&#8221;.vc_custom_1730745679745{margin-bottom: 0px !important;padding-top: 0px !important;padding-bottom: 0px !important;}&#8221; el_class=&#8221;mobile-only&#8221;][vc_column width=&#8221;1\/2&#8243; el_class=&#8221;category-grid-50&#8243; _et_uniqid=&#8221;et_custom_uniqid_new_672916174a4a0&#8243; css=&#8221;.vc_custom_1730745882650{padding-top: 0px !important;padding-right: 0px !important;padding-bottom: 0px !important;padding-left: 0px !important;}&#8221;][vc_basic_grid post_type=&#8221;ids&#8221; element_width=&#8221;3&#8243; gap=&#8221;0&#8243; item=&#8221;1911&#8243; css=&#8221;&#8221; grid_id=&#8221;vc_gid:1765272631632-7ad4697a-8065-0&#8243; include=&#8221;1712, 1803, 1704, 933&#8243;][\/vc_column][vc_column width=&#8221;1\/2&#8243; css=&#8221;.vc_custom_1730745876261{padding-top: 0px !important;padding-right: 0px !important;padding-bottom: 0px !important;padding-left: 0px !important;}&#8221; _et_uniqid=&#8221;et_custom_uniqid_new_67291611e02a5&#8243;][vc_basic_grid post_type=&#8221;ids&#8221; element_width=&#8221;3&#8243; gap=&#8221;0&#8243; item=&#8221;1911&#8243; css=&#8221;&#8221; grid_id=&#8221;vc_gid:1765272631633-4e50b126-ef6b-2&#8243; include=&#8221;1708, 1699, 1300, 1706&#8243;][\/vc_column][\/vc_row][vc_row full_width=&#8221;stretch_row&#8221; content_placement=&#8221;middle&#8221; css=&#8221;.vc_custom_1730745426196{margin-top: 0px !important;padding-top: 0px !important;background-color: #e52730 !important;}&#8221; _et_uniqid=&#8221;et_custom_uniqid_new_6729144f22ee1&#8243;][vc_column width=&#8221;2\/3&#8243;][vc_column_text]<\/p>\n<p style=\"text-align: left; font-size: 32px;\"><span style=\"color: #ffffff;\"><strong>K\u00e9rj \u00e1raj\u00e1nlatot munkat\u00e1rsainkt\u00f3l online!<\/strong><\/span><\/p>\n<p>[\/vc_column_text][\/vc_column][vc_column width=&#8221;1\/3&#8243;][vc_btn title=&#8221;<strong>\u00c1RAJ\u00c1NLATK\u00c9R\u00c9S<\/strong>&#8221; style=&#8221;flat&#8221; color=&#8221;inverse&#8221; size=&#8221;lg&#8221; css=&#8221;&#8221; link=&#8221;url:https%3A%2F%2Faceldepo.hu%2Findex.php%2Farajanlat-kerese%2F|title:%C3%81raj%C3%A1nlat%20k%C3%A9r%C3%A9se&#8221;][\/vc_column][\/vc_row][vc_row full_width=&#8221;stretch_row&#8221; css=&#8221;.vc_custom_1728053406842{padding-top: 80px !important;padding-right: 20px !important;padding-bottom: 80px !important;padding-left: 20px !important;background-image: url(https:\/\/aceldepo.hu\/wp-content\/uploads\/2023\/09\/aceldepo-weboldal-elemek_hatter3.jpg?id=29) !important;}&#8221; _et_uniqid=&#8221;et_custom_uniqid_new_6700009731f70&#8243;][vc_column][vc_column_text css=&#8221;&#8221;]<\/p>\n<h2 style=\"text-align: center;\"><span style=\"color: #ffffff; font-size: 40px;\">Hasznos inform\u00e1ci\u00f3k<\/span><\/h2>\n<p>[\/vc_column_text][vc_row_inner gap=&#8221;30&#8243; _et_uniqid=&#8221;et_custom_uniqid_new_6705023e3f2f3&#8243;][vc_column_inner width=&#8221;1\/4&#8243; css=&#8221;.vc_custom_1727875374974{background-color: #FFFFFF !important;border-radius: 20px !important;}&#8221; _et_uniqid=&#8221;et_custom_uniqid_new_66fd49280fa6b&#8221;][vc_single_image image=&#8221;1212&#8243; img_size=&#8221;full&#8221; alignment=&#8221;center&#8221; css=&#8221;.vc_custom_1727876292013{margin-top: -35px !important;margin-right: -15px !important;margin-left: -15px !important;border-radius: 20px !important;}&#8221; el_class=&#8221;page-feature-image&#8221;][vc_column_text css=&#8221;&#8221;]<\/p>\n<h3>Hogyan v\u00e1lasszuk ki a megfelel\u0151 <span style=\"color: #e52730;\">trap\u00e9zlemezt<\/span>?<\/h3>\n<p>[\/vc_column_text][vc_btn title=&#8221;Elolvasom&#8221; style=&#8221;custom&#8221; custom_background=&#8221;#E52730&#8243; custom_text=&#8221;#FFFFFF&#8221; css=&#8221;&#8221; link=&#8221;url:https%3A%2F%2Faceldepo.hu%2Findex.php%2Fhogyan-valasszuk-ki-a-megfelelo-trapezlemezt%2F|title:Hogyan%20v%C3%A1lasszuk%20ki%20a%20megfelel%C5%91%20trap%C3%A9zlemezt%3F&#8221;][\/vc_column_inner][vc_column_inner width=&#8221;1\/4&#8243; css=&#8221;.vc_custom_1727875382470{background-color: #FFFFFF !important;border-radius: 20px !important;}&#8221; _et_uniqid=&#8221;et_custom_uniqid_new_66fd49305866b&#8221;][vc_single_image image=&#8221;1220&#8243; img_size=&#8221;full&#8221; alignment=&#8221;center&#8221; css=&#8221;.vc_custom_1727876319207{margin-top: -35px !important;margin-right: -15px !important;margin-left: -15px !important;border-radius: 20px !important;}&#8221; el_class=&#8221;page-feature-image&#8221;][vc_column_text css=&#8221;&#8221;]<\/p>\n<h3>Mi az a <span style=\"color: #e52730;\">modul\u00e1ris cserepeslemez<\/span>?<\/h3>\n<p>[\/vc_column_text][vc_btn title=&#8221;Elolvasom&#8221; style=&#8221;custom&#8221; custom_background=&#8221;#E52730&#8243; custom_text=&#8221;#FFFFFF&#8221; css=&#8221;&#8221; link=&#8221;url:https%3A%2F%2Faceldepo.hu%2Findex.php%2Fmi-az-a-modularis-cserepeslemez%2F|title:Hogyan%20v%C3%A1lasszuk%20ki%20a%20megfelel%C5%91%20trap%C3%A9zlemezt%3F&#8221;][\/vc_column_inner][vc_column_inner width=&#8221;1\/4&#8243; css=&#8221;.vc_custom_1727875456742{background-color: #FFFFFF !important;border-radius: 20px !important;}&#8221; _et_uniqid=&#8221;et_custom_uniqid_new_66fd49799c3c6&#8243;][vc_single_image image=&#8221;1203&#8243; img_size=&#8221;full&#8221; alignment=&#8221;center&#8221; css=&#8221;.vc_custom_1727876333350{margin-top: -35px !important;margin-right: -15px !important;margin-left: -15px !important;border-radius: 20px !important;}&#8221; el_class=&#8221;page-feature-image&#8221;][vc_column_text css=&#8221;&#8221;]<\/p>\n<h3><span style=\"color: #e52730;\">C \u00e9s Z szelemenek<\/span>: r\u00f6vid \u00e1ttekint\u00e9s<\/h3>\n<p>[\/vc_column_text][vc_btn title=&#8221;Elolvasom&#8221; style=&#8221;custom&#8221; custom_background=&#8221;#E52730&#8243; custom_text=&#8221;#FFFFFF&#8221; css=&#8221;&#8221; link=&#8221;url:https%3A%2F%2Faceldepo.hu%2Findex.php%2Fc-es-z-szelemenek-rovid-attekintes%2F|title:Hogyan%20v%C3%A1lasszuk%20ki%20a%20megfelel%C5%91%20trap%C3%A9zlemezt%3F&#8221;][\/vc_column_inner][vc_column_inner width=&#8221;1\/4&#8243; css=&#8221;.vc_custom_1727875466750{background-color: #FFFFFF !important;border-radius: 20px !important;}&#8221; _et_uniqid=&#8221;et_custom_uniqid_new_66fd4981c311b&#8221;][vc_single_image image=&#8221;1239&#8243; img_size=&#8221;full&#8221; alignment=&#8221;center&#8221; css=&#8221;.vc_custom_1727876354056{margin-top: -35px !important;margin-right: -15px !important;margin-left: -15px !important;border-radius: 20px !important;}&#8221; el_class=&#8221;page-feature-image&#8221;][vc_column_text css=&#8221;&#8221;]<\/p>\n<h3><span style=\"color: #e52730;\">Trap\u00e9zlemezek<br \/>\n<\/span>r\u00f6gz\u00edt\u00e9se<\/h3>\n<p>[\/vc_column_text][vc_btn title=&#8221;Elolvasom&#8221; style=&#8221;custom&#8221; custom_background=&#8221;#E52730&#8243; custom_text=&#8221;#FFFFFF&#8221; css=&#8221;&#8221; link=&#8221;url:https%3A%2F%2Faceldepo.hu%2Findex.php%2Ftrapezlemezek-rogzitese%2F|title:Hogyan%20v%C3%A1lasszuk%20ki%20a%20megfelel%C5%91%20trap%C3%A9zlemezt%3F&#8221;][\/vc_column_inner][\/vc_row_inner][\/vc_column][\/vc_row][vc_row full_width=&#8221;stretch_row&#8221; content_placement=&#8221;bottom&#8221; _et_uniqid=&#8221;et_custom_uniqid_new_6937e7307bc82&#8243; css=&#8221;.vc_custom_1765271360533{padding-right: 10% !important;padding-left: 10% !important;background-color: #FFFFFF !important;}&#8221;][vc_column css=&#8221;.vc_custom_1728380224673{padding-top: 60px !important;padding-bottom: 60px !important;background-color: #EEEEEE00 !important;}&#8221; _et_uniqid=&#8221;et_custom_uniqid_new_6704fd3bc880d&#8221;][vc_column_text css=&#8221;.vc_custom_1765272657617{margin-bottom: 20px !important;background-color: #EEEEEE00 !important;}&#8221;]<\/p>\n<h2 style=\"font-size: 30px; text-align: center;\">Partnereink<\/h2>\n<p>[\/vc_column_text][vc_row_inner equal_height=&#8221;yes&#8221; gap=&#8221;20&#8243; _et_uniqid=&#8221;et_custom_uniqid_new_6710c727e4d04&#8243; css=&#8221;.vc_custom_1729152942761{padding-top: 20px !important;background-position: center !important;background-repeat: no-repeat !important;background-size: cover !important;}&#8221;][vc_column_inner][vc_images_carousel images=&#8221;2752,2753,2754,2755,2756,2757,2758,2759,2760,2761,2762,2763&#8243; img_size=&#8221;medium&#8221; onclick=&#8221;link_no&#8221; slides_per_view=&#8221;8&#8243; autoplay=&#8221;yes&#8221; css=&#8221;&#8221; el_class=&#8221;image-carousel-spacing&#8221;][\/vc_column_inner][\/vc_row_inner][\/vc_column][\/vc_row][vc_row full_width=&#8221;stretch_row&#8221; content_placement=&#8221;bottom&#8221; _et_uniqid=&#8221;et_custom_uniqid_new_68c7e9d29f16a&#8221; css=&#8221;.vc_custom_1757931993226{padding-right: 10% !important;padding-left: 10% !important;background-color: #f7f7f7 !important;}&#8221;][vc_column css=&#8221;.vc_custom_1728380224673{padding-top: 60px !important;padding-bottom: 60px !important;background-color: #EEEEEE00 !important;}&#8221; _et_uniqid=&#8221;et_custom_uniqid_new_6704fd3bc880d&#8221;][vc_column_text css=&#8221;.vc_custom_1728381356518{background-color: #EEEEEE00 !important;}&#8221;]<\/p>\n<h2 style=\"font-size: 30px; text-align: center;\">Mi\u00e9rt v\u00e1laszd az Ac\u00e9ldep\u00f3t?<\/h2>\n<p>[\/vc_column_text][vc_row_inner equal_height=&#8221;yes&#8221; gap=&#8221;20&#8243; _et_uniqid=&#8221;et_custom_uniqid_new_6710c727e4d04&#8243; css=&#8221;.vc_custom_1729152942761{padding-top: 20px !important;background-position: center !important;background-repeat: no-repeat !important;background-size: cover !important;}&#8221;][vc_column_inner width=&#8221;1\/6&#8243;][\/vc_column_inner][vc_column_inner width=&#8221;1\/6&#8243; css=&#8221;.vc_custom_1728381206649{background-color: #FFFFFF !important;border-radius: 10px !important;}&#8221; _et_uniqid=&#8221;et_custom_uniqid_new_67050108c23c5&#8243;][vc_single_image image=&#8221;21&#8243; img_size=&#8221;70&#215;102&#8243; alignment=&#8221;center&#8221;][vc_column_text css=&#8221;&#8221;]<\/p>\n<p style=\"text-align: center; font-size: 20px;\"><strong>Min\u0151s\u00e9gi<br \/>\n<\/strong><strong>alapanyagok<\/strong>[\/vc_column_text][\/vc_column_inner][vc_column_inner width=&#8221;1\/6&#8243; css=&#8221;.vc_custom_1728380350948{background-color: #FFFFFF !important;border-radius: 10px !important;}&#8221; _et_uniqid=&#8221;et_custom_uniqid_new_6704fdb8ea505&#8243;][vc_single_image image=&#8221;88&#8243; img_size=&#8221;100&#215;71&#8243; alignment=&#8221;center&#8221; css=&#8221;.vc_custom_1695804744699{margin-top: 20px !important;margin-bottom: 46px !important;}&#8221;][vc_column_text css=&#8221;.vc_custom_1729147607073{margin-bottom: 0px !important;}&#8221;]<\/p>\n<p style=\"text-align: center; font-size: 20px;\"><strong>Ak\u00e1r 50 \u00e9v<br \/>\n<\/strong><strong>garancia<\/strong>[\/vc_column_text][\/vc_column_inner][vc_column_inner width=&#8221;1\/6&#8243; css=&#8221;.vc_custom_1728380357440{background-color: #FFFFFF !important;border-radius: 10px !important;}&#8221; _et_uniqid=&#8221;et_custom_uniqid_new_6704fdbf77dc4&#8243;][vc_single_image image=&#8221;90&#8243; img_size=&#8221;86&#215;102&#8243; alignment=&#8221;center&#8221;][vc_column_text css=&#8221;&#8221;]<\/p>\n<p style=\"text-align: center; font-size: 20px;\"><strong>Ingyenes<br \/>\n\u00e1raj\u00e1nlat<\/strong>[\/vc_column_text][\/vc_column_inner][vc_column_inner width=&#8221;1\/6&#8243; css=&#8221;.vc_custom_1728380976272{background-color: #FFFFFF !important;border-radius: 10px !important;}&#8221; _et_uniqid=&#8221;et_custom_uniqid_new_6705002c8b0d5&#8243;][vc_single_image image=&#8221;91&#8243; img_size=&#8221;full&#8221; alignment=&#8221;center&#8221; css=&#8221;.vc_custom_1729153764898{margin-top: 20px !important;margin-bottom: 25px !important;}&#8221;][vc_column_text css=&#8221;&#8221;]<\/p>\n<p style=\"text-align: center; font-size: 20px;\"><strong>Orsz\u00e1gos<br \/>\n<\/strong><strong>kisz\u00e1ll\u00edt\u00e1s<\/strong>[\/vc_column_text][\/vc_column_inner][vc_column_inner width=&#8221;1\/6&#8243;][\/vc_column_inner][\/vc_row_inner][\/vc_column][\/vc_row][vc_row full_width=&#8221;stretch_row&#8221; disable_element=&#8221;yes&#8221; css=&#8221;.vc_custom_1730365114054{padding-top: 80px !important;padding-bottom: 80px !important;background-image: url(https:\/\/aceldepo.hu\/wp-content\/uploads\/2023\/09\/aceldepo-weboldal-elemek_hatter2.jpg?id=26) !important;}&#8221; _et_uniqid=&#8221;et_custom_uniqid_new_672346b63e1b1&#8243;][vc_column][vc_column_text]<\/p>\n<h2 style=\"text-align: center; font-size: 40px;\">KIEMELT AJ\u00c1NLATAINK<\/h2>\n<p>[\/vc_column_text][vc_row_inner][vc_column_inner width=&#8221;1\/3&#8243;][vc_single_image image=&#8221;27&#8243; img_size=&#8221;full&#8221; css=&#8221;.vc_custom_1695298389418{margin-bottom: 0px !important;padding-bottom: 0px !important;}&#8221;][vc_column_text css=&#8221;.vc_custom_1695298402968{margin-top: 0px !important;padding-top: 20px !important;padding-bottom: 20px !important;background-color: #414143 !important;}&#8221;]<\/p>\n<h3 style=\"text-align: center;\"><span style=\"color: #ffffff;\">Z\u00c1RTSZELV\u00c9NYEK<\/span><\/h3>\n<p>[\/vc_column_text][\/vc_column_inner][vc_column_inner width=&#8221;1\/3&#8243;][vc_single_image image=&#8221;27&#8243; img_size=&#8221;full&#8221; css=&#8221;.vc_custom_1695298389418{margin-bottom: 0px !important;padding-bottom: 0px !important;}&#8221;][vc_column_text css=&#8221;.vc_custom_1695805124151{margin-top: 0px !important;padding-top: 20px !important;padding-bottom: 20px !important;background-color: #414143 !important;}&#8221;]<\/p>\n<h3 style=\"text-align: center;\"><span style=\"color: #ffffff;\">Z\u00c1RTSZELV\u00c9NYEK<\/span><\/h3>\n<p>[\/vc_column_text][\/vc_column_inner][vc_column_inner width=&#8221;1\/3&#8243;][vc_single_image image=&#8221;27&#8243; img_size=&#8221;full&#8221; css=&#8221;.vc_custom_1695298389418{margin-bottom: 0px !important;padding-bottom: 0px !important;}&#8221;][vc_column_text css=&#8221;.vc_custom_1695801107554{margin-top: 0px !important;padding-top: 20px !important;padding-bottom: 20px !important;background-color: #414143 !important;}&#8221;]<\/p>\n<h3 style=\"text-align: center;\"><span style=\"color: #ffffff;\">MELEGEN HENGERELT FINOMLEMEZ<\/span><\/h3>\n<p>[\/vc_column_text][\/vc_column_inner][\/vc_row_inner][\/vc_column][\/vc_row][vc_row full_width=&#8221;stretch_row&#8221; disable_element=&#8221;yes&#8221; css=&#8221;.vc_custom_1730365122358{padding-top: 80px !important;padding-bottom: 80px !important;background-image: url(https:\/\/aceldepo.hu\/wp-content\/uploads\/2023\/09\/aceldepo-weboldal-elemek_hatter3.jpg?id=29) !important;}&#8221; _et_uniqid=&#8221;et_custom_uniqid_new_672346be4c5b6&#8243;][vc_column][vc_column_text]<\/p>\n<h2 style=\"text-align: center;\"><span style=\"color: #ffffff; font-size: 40px;\">PARTNEREINK<\/span><\/h2>\n<p>[\/vc_column_text][vc_images_carousel images=&#8221;7,30,31,32,33,34,35&#8243; img_size=&#8221;large&#8221; onclick=&#8221;link_no&#8221; slides_per_view=&#8221;4&#8243; autoplay=&#8221;yes&#8221; css=&#8221;&#8221;][\/vc_column][\/vc_row][vc_row full_width=&#8221;stretch_row&#8221; disable_element=&#8221;yes&#8221; css=&#8221;.vc_custom_1719489852679{padding-top: 80px !important;padding-bottom: 80px !important;background-image: url(https:\/\/aceldepo.hu\/wp-content\/uploads\/2023\/09\/aceldepo-weboldal-elemek_hatter4.jpg?id=36) !important;}&#8221; _et_uniqid=&#8221;et_custom_uniqid_new_667d5539abcbd&#8221;][vc_column][vc_column_text]<\/p>\n<h2 style=\"text-align: center; font-size: 40px;\">R\u00d3LUNK MONDT\u00c1TOK<\/h2>\n<p>[\/vc_column_text][vc_tta_pageable no_fill_content_area=&#8221;true&#8221; autoplay=&#8221;4&#8243; active_section=&#8221;3&#8243;][vc_tta_section title=&#8221;Szekci\u00f3 1&#8243; tab_id=&#8221;1695298896589-a254095a-7c08&#8243; el_class=&#8221;review&#8221;][vc_column_text css_animation=&#8221;top-to-bottom&#8221; css=&#8221;.vc_custom_1695805249918{padding-right: -20px !important;padding-left: -20px !important;background-color: #be4d25 !important;}&#8221;]<\/p>\n<p style=\"text-align: center;\"><span style=\"color: #ffffff;\">Lorem ipsum dolor sit amet, consectetur adipiscing elit. Ut elit tellus, luctus nec ullamcorper mattis, pulvinar dapibus leo.<\/span><\/p>\n<p style=\"text-align: center;\"><strong><span style=\"color: #ffffff;\">TELJES N\u00c9V<\/span><\/strong><\/p>\n<pre style=\"text-align: center;\"><span style=\"color: #ffffff;\">V\u00e1llalkoz\u00e1s, poz\u00edci\u00f3<\/span><\/pre>\n<p>[\/vc_column_text][\/vc_tta_section][vc_tta_section title=&#8221;Szekci\u00f3 2&#8243; tab_id=&#8221;1695298896606-05f62ef5-f7ee&#8221; el_class=&#8221;review&#8221;][vc_column_text css=&#8221;.vc_custom_1695805288503{background-color: #be4d25 !important;}&#8221;]<\/p>\n<p style=\"text-align: center;\"><span style=\"color: #ffffff;\">Lorem ipsum dolor sit amet, consectetur adipiscing elit. Ut elit tellus, luctus nec ullamcorper mattis, pulvinar dapibus leo.<\/span><\/p>\n<p style=\"text-align: center;\"><strong><span style=\"color: #ffffff;\">TELJES N\u00c9V<\/span><\/strong><\/p>\n<pre style=\"text-align: center;\"><span style=\"color: #ffffff;\">V\u00e1llalkoz\u00e1s, poz\u00edci\u00f3<\/span><\/pre>\n<p>[\/vc_column_text][\/vc_tta_section][vc_tta_section title=&#8221;Szekci\u00f3&#8221; tab_id=&#8221;1695298921530-66387359-c09b&#8221; el_class=&#8221;review&#8221;][vc_column_text css=&#8221;.vc_custom_1695805190777{background-color: #be4d25 !important;}&#8221;]<\/p>\n<p style=\"text-align: center;\"><span style=\"color: #ffffff;\">Lorem ipsum dolor sit amet, consectetur adipiscing elit. Ut elit tellus, luctus nec ullamcorper mattis, pulvinar dapibus leo.<\/span><\/p>\n<p style=\"text-align: center;\"><strong><span style=\"color: #ffffff;\">TELJES N\u00c9V<\/span><\/strong><\/p>\n<pre style=\"text-align: center;\"><span style=\"color: #ffffff;\">V\u00e1llalkoz\u00e1s, poz\u00edci\u00f3<\/span><\/pre>\n<p>[\/vc_column_text][\/vc_tta_section][vc_tta_section title=&#8221;Szekci\u00f3&#8221; tab_id=&#8221;1695298928381-68260047-b298&#8243; el_class=&#8221;review&#8221;][vc_column_text css=&#8221;.vc_custom_1695805203616{background-color: #be4d25 !important;}&#8221;]<\/p>\n<p style=\"text-align: center;\"><span style=\"color: #ffffff;\">Lorem ipsum dolor sit amet, consectetur adipiscing elit. Ut elit tellus, luctus nec ullamcorper mattis, pulvinar dapibus leo.<\/span><\/p>\n<p style=\"text-align: center;\"><strong><span style=\"color: #ffffff;\">TELJES N\u00c9V<\/span><\/strong><\/p>\n<pre style=\"text-align: center;\"><span style=\"color: #ffffff;\">V\u00e1llalkoz\u00e1s, poz\u00edci\u00f3<\/span><\/pre>\n<p>[\/vc_column_text][\/vc_tta_section][vc_tta_section title=&#8221;Szekci\u00f3&#8221; tab_id=&#8221;1695299036621-53c9fe74-50cf&#8221; el_class=&#8221;review&#8221;][vc_column_text css=&#8221;.vc_custom_1695805269272{background-color: #be4d25 !important;}&#8221;]<\/p>\n<p style=\"text-align: center;\"><span style=\"color: #ffffff;\">Lorem ipsum dolor sit amet, consectetur adipiscing elit. Ut elit tellus, luctus nec ullamcorper mattis, pulvinar dapibus leo.<\/span><\/p>\n<p style=\"text-align: center;\"><strong><span style=\"color: #ffffff;\">TELJES N\u00c9V<\/span><\/strong><\/p>\n<pre style=\"text-align: center;\"><span style=\"color: #ffffff;\">V\u00e1llalkoz\u00e1s, poz\u00edci\u00f3<\/span><\/pre>\n<p>[\/vc_column_text][\/vc_tta_section][\/vc_tta_pageable][\/vc_column][\/vc_row][vc_row full_width=&#8221;stretch_row&#8221; css=&#8221;.vc_custom_1719489886691{margin-bottom: -80px !important;padding-top: 80px !important;padding-bottom: 80px !important;background-image: url(https:\/\/aceldepo.hu\/wp-content\/uploads\/2023\/09\/aceldepo-weboldal-elemek_hatter5.jpg?id=67) !important;background-position: center !important;background-repeat: no-repeat !important;background-size: cover !important;}&#8221; _et_uniqid=&#8221;et_custom_uniqid_new_667d555a1e7e2&#8243;][vc_column width=&#8221;1\/2&#8243;][vc_column_text]<\/p>\n<h2><span style=\"color: #e52730; font-size: 40px;\">K\u00e9rj \u00e1raj\u00e1nlatot munkat\u00e1rsainkt\u00f3l!<\/span><\/h2>\n<p>[\/vc_column_text][vc_raw_html css=&#8221;&#8221;]JTVCd3Bmb3JtcyUyMGlkJTNEJTIyMTAxNSUyMiU1RA==[\/vc_raw_html][\/vc_column][vc_column width=&#8221;1\/2&#8243;][\/vc_column][\/vc_row]<\/p>\n<\/div>","protected":false},"excerpt":{"rendered":"<p>[vc_row full_width=&#8221;stretch_row_content&#8221; _et_uniqid=&#8221;et_custom_uniqid_new_67291551a2279&#8243; css=&#8221;.vc_custom_1730745687375{margin-bottom: 0px !important;padding-top: 0px !important;padding-bottom: 0px !important;}&#8221; el_class=&#8221;desktop-only&#8221;][vc_column width=&#8221;1\/2&#8243; el_class=&#8221;category-grid-50&#8243; _et_uniqid=&#8221;et_custom_uniqid_new_672914883e868&#8243; css=&#8221;.vc_custom_1730745482731{padding-right: 0px !important;padding-bottom: 0px !important;padding-left: 0px !important;}&#8221;][vc_basic_grid post_type=&#8221;ids&#8221; element_width=&#8221;3&#8243; gap=&#8221;0&#8243; item=&#8221;1902&#8243;&#8230;<\/p>\n","protected":false},"author":2,"featured_media":0,"parent":0,"menu_order":0,"comment_status":"closed","ping_status":"closed","template":"","meta":{"footnotes":""},"class_list":["post-53","page","type-page","status-publish","hentry"],"_links":{"self":[{"href":"https:\/\/aceldepo.hu\/index.php\/wp-json\/wp\/v2\/pages\/53","targetHints":{"allow":["GET"]}}],"collection":[{"href":"https:\/\/aceldepo.hu\/index.php\/wp-json\/wp\/v2\/pages"}],"about":[{"href":"https:\/\/aceldepo.hu\/index.php\/wp-json\/wp\/v2\/types\/page"}],"author":[{"embeddable":true,"href":"https:\/\/aceldepo.hu\/index.php\/wp-json\/wp\/v2\/users\/2"}],"replies":[{"embeddable":true,"href":"https:\/\/aceldepo.hu\/index.php\/wp-json\/wp\/v2\/comments?post=53"}],"version-history":[{"count":42,"href":"https:\/\/aceldepo.hu\/index.php\/wp-json\/wp\/v2\/pages\/53\/revisions"}],"predecessor-version":[{"id":2766,"href":"https:\/\/aceldepo.hu\/index.php\/wp-json\/wp\/v2\/pages\/53\/revisions\/2766"}],"wp:attachment":[{"href":"https:\/\/aceldepo.hu\/index.php\/wp-json\/wp\/v2\/media?parent=53"}],"curies":[{"name":"wp","href":"https:\/\/api.w.org\/{rel}","templated":true}]}}